 by 10?
0
Calculate the remainder when 266 is divided by 46.
36
What is the remainder when 351 is divided by 157?
37
What is the remainder when 144 is divided by 138?
6
What is the remainder when 638 is divided by 5?
3
Calculate the remainder when 518 is divided by 29.
25
Calculate the remainder when 77 is divided by 31.
15
What is the remainder when 133 is divided by 14?
7
What is the remainder when 453 is divided by 216?
21
Calculate the remainder when 3486 is divided by 16.
14
Calculate the remainder when 30 is divided by 3.
0
What is the remainder when 354 is divided by 119?
116
Calculate the remainder when 351 is divided by 120.
111
What is the remainder when 486 is divided by 14?
10
What is the remainder when 916 is divided by 49?
34
What is the remainder when 6358 is divided by 303?
298
What is the remainder when 127 is divided by 57?
13
Calculate the remainder when 586 is divided by 98.
96
What is the remainder when 4474 is divided by 1115?
14
What is the remainder when 417 is divided by 19?
18
Calculate the remainder when 122 is divided by 22.
12
What is the remainder when 7359 is divided by 6?
3
Calculate the remainder when 1222 is divided by 395.
37
Calculate the remainder when 2055 is divided by 21.
18
Calculate the remainder when 488 is divided by 54.
2
What is the remainder when 719 is divided by 8?
7
Calculate the remainder when 1771 is divided by 1751.
20
Calculate the remainder when 2375 is divided by 27.
26
Calculate the remainder when 156 is divided by 27.
21
Calculate the remainder when 85 is divided by 29.
27
Calculate the remainder when 2853 is divided by 65.
58
What is the remainder when 596 is divided by 193?
17
Calculate the remainder when 64 is divided by 22.
20
What is the remainder when 390 is divided by 65?
0
Calculate the remainder when 454 is divided by 64.
6
What is the remainder when 483 is divided by 19?
8
Calculate the remainder when 15 is divided by 4.
3
What is the remainder when 1318 is divided by 331?
325
What is the remainder when 15292 is divided by 7645?
2
Calculate the remainder when 486 is divided by 250.
236
What is the remainder when 410 is divided by 30?
20
Calculate the remainder when 1317 is divided by 17.
8
What is the remainder when 22 is divided by 7?
1
What is the remainder when 717 is divided by 420?
297
Calculate the remainder when 19 is divided by 4.
3
What is the remainder when 368 is divided by 95?
83
What is the remainder when 71 is divided by 57?
14
Calculate the remainder when 1676 is divided by 20.
16
What is the remainder when 426 is divided by 54?
48
Calculate the remainder when 2876 is divided by 36.
32
What is the remainder when 2255 is divided by 322?
1
Calculate the remainder when 145 is divided by 83.
62
What is the remainder when 489 is divided by 129?
102
What is the remainder when 3071 is divided by 238?
215
What is the remainder when 10655 is divided by 37?
36
Calculate the remainder when 150 is divided by 37.
2
Calculate the remainder when 769 is divided by 6.
1
Calculate the remainder when 765 is divided by 203.
156
Calculate the remainder when 13981 is divided by 79.
77
Calculate the remainder when 683 is divided by 39.
20
Calculate the remainder when 390 is divided by 383.
7
What is the remainder when 48 is divided by 26?
22
Calculate the remainder when 22 is divided by 19.
3
What is the remainder when 960 is divided by 1?
0
Calculate the remainder when 307 is divided by 62.
59
Calculate the remainder when 311 is divided by 170.
141
Calculate the remainder when 2092 is divided by 363.
277
Calculate the remainder when 74 is divided by 22.
8
Calculate the remainder when 1462 is divided by 479.
25
Calculate the remainder when 229 is divided by 62.
43
Calculate the remainder when 1378 is divided by 278.
266
Calculate the remainder when 31 is divided by 12.
7
What is the remainder when 5079 is divided by 71?
38
Calculate the remainder when 883 is divided by 13.
12
Calculate the remainder when 1775 is divided by 19.
8
What is the remainder when 318 is divided by 307?
11
What is the remainder when 309 is divided by 20?
9
What is the remainder when 621 is divided by 82?
47
What is the remainder when 580 is divided by 11?
8
Calculate the remainder when 13 is divided by 4.
1
Calculate the remainder when 183 is divided by 60.
3
Calculate the remainder when 482 is divided by 83.
67
What is the remainder when 59 is divided by 10?
9
Calculate the remainder when 2205 is divided by 245.
0
What is the remainder when 1055 is divided by 20?
15
What is the remainder when 619 is divided by 13?
8
What is the remainder when 2669 is divided by 30?
29
Calculate the remainder when 3143 is divided by 13.
10
Calculate the remainder when 243 is divided by 108.
27
What is the remainder when 997 is divided by 25?
22
Calculate the remainder when 862 is divided by 61.
8
Calculate the remainder when 6 is divided by 4.
2
What is the remainder when 810 is divided by 58?
56
What is the remainder when 181 is divided by 61?
59
What is the remainder when 1024 is divided by 241?
60
What is the remainder when 61 is divided by 33?
28
Calculate the remainder when 108 is divided by 14.
10
What is the remainder when 41 is divided by 32?
9
What is the remainder when 678 is divided by 476?
202
What is the remainder when 269 is divided by 127?
15
What is the remainder when 13 is divided by 5?
3
Calculate the remainder when 776 is divided by 13.
9
What is the remainder when 1417 is divided by 22?
9
Calculate the remainder when 75 is divided by 11.
9
Calculate the remainder when 84 is divided by 22.
18
Calculate the remainder when 1357 is divided by 227.
222
Calculate the remainder when 265 is divided by 172.
93
What is the remainder when 334 is divided by 328?
6
Calculate the remainder when 30886 is divided by 10.
6
Calculate the remainder when 261 is divided by 69.
54
Calculate the remainder when 343 is divided by 37.
10
Calculate the remainder when 103 is divided by 57.
46
Calculate the remainder when 756 is divided by 187.
8
Calculate the remainder when 87 is divided by 87.
0
Calculate the remainder when 123 is divided by 112.
11
What is the remainder when 240 is divided by 81?
78
What is the remainder when 74 is divided by 15?
14
What is the remainder when 2010 is divided by 223?
3
Calculate the remainder when 1267 is divided by 631.
5
What is the remainder when 934 is divided by 156?
154
What is the remainder when 391 is divided by 95?
11
Calculate the remainder when 582 is divided by 153.
123
Calculate the remainder when 2015 is divided by 42.
41
Calculate the remainder when 572 is divided by 148.
128
Calculate the remainder when 350 is divided by 22.
20
What is the remainder when 127 is divided by 48?
31
What is the remainder when 4904 is divided by 5?
4
What is the remainder when 3395 is divided by 50?
45
What is the remainder when 209 is divided by 53?
50
Calculate the remainder when 81 is divided by 15.
6
What is the remainder when 363 is divided by 91?
90
Calculate the remainder when 12018 is divided by 17.
16
Calculate the remainder when 2578 is divided by 37.
25
Calculate the remainder when 888 is divided by 145.
18
Calculate the remainder when 124 is divided by 59.
6
Calculate the remainder when 58 is divided by 31.
27
Calculate the remainder when 1582 is divided by 272.
222
What is the remainder when 472 is divided by 234?
4
Calculate the remainder when 143 is divided by 6.
5
What is the remainder when 803 is divided by 196?
19
What is the remainder when 4804 is divided by 6?
4
Calculate the remainder when 154 is divided by 54.
46
Calculate the remainder when 337 is divided by 185.
152
What is the remainder when 171 is divided by 75?
21
What is the remainder when 5426 is divided by 27?
26
Calculate the remainder when 29 is divided by 8.
5
Calculate the remainder when 3596 is divided by 90.
86
What is the remainder when 21 is divided by 20?
1
Calculate the remainder when 567 is divided by 93.
9
Calculate the remainder when 2766 is divided by 139.
125
Calculate the remainder when 147 is divided by 75.
72
Calculate the remainder when 76 is divided by 2.
0
Calculate the remainder when 3253 is divided by 215.
28
What is the remainder when 683 is divided by 3?
2
What is the remainder when 21 is divided 